 c and 4.
4
Let r be 0 - -1 - (-2 + -1). Suppose -r*k + 83 = -5*t, 5*k + 5*t - 85 = -15. Let a = 245 + -126. Calculate the highest common factor of a and k.
17
Suppose -2*r + 4*t - 158 = 0, 5*r - 3*r - 2*t + 164 = 0. Let m be r/(-10) - (-3)/6. Calculate the greatest common factor of m and 63.
9
Suppose 2*x = 3*n + 2*n - 1, 2*x - 2*n = 2. Suppose 0 = 3*j + 3*t + t - 78, -j + 3*t + 13 = 0. What is the greatest common divisor of x and j?
2
Suppose 4*i - 5*f = 25, -6*f = i - 4*f + 10. Suppose i = 5*s - 0*s. Suppose 3*k - 5 - 1 = s. What is the greatest common divisor of k and 16?
2
Let s(q) = -q**3 + 6*q**2 + 7*q + 9. Let c be s(7). Let k = 24 - c. Calculate the highest common divisor of 3 and k.
3
Let y be 304/9 + 2/9. Suppose -y = 2*n - 5*n + 2*q, -4*n + 44 = -4*q. Let u be 4/8*(1 - -23). Calculate the greatest common divisor of n and u.
12
Let p = -14 - -21. Let j(z) = z**2 + 6*z + 5. Let d be j(6). Calculate the highest common divisor of d and p.
7
Let t = 2 - 2. Suppose t = o - 15 + 1. Let q be (2/5)/((-2)/(-10)). What is the greatest common divisor of o and q?
2
Let t be (10 - (-2)/2) + -2. Let j(g) = 5*g - 4. Let v be j(3). Suppose -v = -5*f + 124. What is the highest common divisor of f and t?
9
Let g = 19 + 8. Calculate the highest common divisor of g and 81.
27
Let y be (-3)/(-4) + (-1866)/(-8). What is the highest common factor of y and 26?
26
Let t = -98 - -196. What is the highest common factor of 14 and t?
14
Suppose 3*b = 2*t - 8, 20 = 4*t - 4*b - 0*b. What is the greatest common factor of 42 and t?
7
Suppose -2*l + 5*f = -96, -3*f = -5*l - 0*f + 202. Calculate the highest common factor of l and 57.
19
Let u = -104 + 119. What is the highest common factor of u and 10?
5
Let j = -29 + 35. Calculate the greatest common factor of j and 6.
6
Let k = -166 - -238. Calculate the highest common divisor of 8 and k.
8
Let r(w) = -11*w - 6. Let m be r(-5). Suppose 2*u - m = u. Let s be (1 + 5/2)*2. What is the greatest common divisor of s and u?
7
Let w(l) = l**2 - 7*l + 4. Let k be w(7). Let q be (-5)/(-2)*1*8. What is the greatest common divisor of q and k?
4
Let d(c) = 4*c**2 + 4 - 3*c**2 + 9 - 9*c. Let v be d(9). What is the highest common divisor of v and 117?
13
Let c be (3/(-4))/(-2 + (-957)/(-480)). What is the highest common divisor of c and 48?
24
Suppose -2*l + 8*i + 51 = 11*i, 5*l - 130 = -5*i. Let s(t) = t**2 - 2*t - 6. Let x be s(6). Calculate the greatest common divisor of x and l.
9
Let l = 18 - 5. Let r = -129 + 272. What is the highest common divisor of r and l?
13
Let l be (-3 - 2/(-6))*-3. What is the highest common divisor of l and 56?
8
Suppose -2*r - f - 18 = -4*r, 3*r - f - 26 = 0. Let l(d) = 5*d**2 + 3*d + 2. Let u be l(3). Calculate the greatest common divisor of u and r.
8
Suppose 0 = -3*x - 3*w - 9, 4*x + 3 = -w. Suppose x*p - 12 = -p. What is the highest common divisor of 18 and p?
6
Let o = -9 - -27. Calculate the highest common factor of 45 and o.
9
Suppose 40 = 2*v - 4*z, -3*v + 3*z + 76 = 28. Suppose 4*p - v = 20. Calculate the greatest common factor of p and 72.
8
Suppose -5*t = 2*v - 3*v + 327, 5*t - 1001 = -3*v. Suppose -3*x + 46 + v = 0. Let h be 5/((-20)/x)*-2. Calculate the greatest common divisor of h and 21.
21
Let r(o) = o**2 - 2. Let t be r(-4). Let q(w) = -4*w + 1. Let f be q(-5). Calculate the greatest common divisor of t and f.
7
Suppose 28*c - 168 = 24*c. What is the greatest common factor of c and 6?
6
Let b(z) = -7*z - 1. Let a be b(-1). Suppose -10 = -j + 2. Let o be 507/12 - 3/j. What is the highest common factor of a and o?
6
Suppose -2*j + 140 = 3*j. What is the greatest common divisor of 42 and j?
14
Suppose -5*a + 104 = -a. Calculate the greatest common divisor of 39 and a.
13
Let f be 0 + (-1 - (2 + -45)). Suppose -12 = -4*g - 0*g, 2*g - f = -4*v. Let d be -3*(-3)/(v + 0). Calculate the greatest common factor of d and 9.
1
Let t(k) = k**2 + k - 6. Let b be t(7). Suppose o - b = -5*q + 33, 0 = -o + 4*q + 92. Let j = 92 + -81. Calculate the greatest common factor of j and o.
11
Suppose 23 - 7 = f. What is the greatest common factor of f and 80?
16
Let n(x) = -8*x - 8. Let f be n(-2). Let h be (-2)/4 + (-66)/(-4). What is the greatest common divisor of h and f?
8
Let o(j) = -j**2 + 12*j - 3. Let i = -21 + 30. Let b be o(i). Calculate the greatest common divisor of b and 72.
24
Suppose 4*a + 315 - 1291 = 0. Suppose -a = -5*d - 79. What is the highest common divisor of 11 and d?
11
Let p(k) = 12*k**2 - k + 2. Let i be p(2). Suppose 3*a - i = 21. What is the greatest common divisor of a and 161?
23
Let u = -13 + 21. Let c = -4 + 6. Suppose -c*l = -10 - 70. What is the greatest common divisor of u and l?
8
Suppose -5*u + 4*u = -53. Calculate the greatest common divisor of u and 583.
53
Let u(o) = o**3 + 8*o**2 + 8*o + 7. Let z be u(-7). Suppose z = 4*r + r - 225. Calculate the highest common factor of 9 and r.
9
Suppose -5*h - 8 + 48 = 0. Let g(i) = i**2 - i + 64. Let t be g(0). Calculate the highest common factor of t and h.
8
Let i be 2*(-4)/24*1242/(-2). What is the highest common divisor of 23 and i?
23
Let t(f) = -f**3 + 13*f**2 - 18*f + 6. Let w be t(11). Calculate the highest common divisor of w and 150.
50
Let f(p) = p**3 - p + 1. Suppose 3*i = 3 + 3. Let k be f(i). What is the highest common divisor of k and 7?
7
Suppose -2*s + 152 = 62. Calculate the greatest common divisor of s and 9.
9
Suppose -k = -5*k. Let n(f) = -f**3 - f**2 + 10. Let c be n(k). Suppose 0 = -3*m + 2 + 73. Calculate the highest common factor of c and m.
5
Suppose 5*x = r - 28 - 0, 4*r - 131 = x. Let d be 9/4*-1*-4. Suppose 0 = 4*v - v - d. Calculate the greatest common divisor of r and v.
3
Suppose -q - 47 = 2*l, q - 2*q = 4*l + 37. Let f = q + 127. Suppose 5*r = y + 86, -2*r - r + f = 4*y. Calculate the greatest common divisor of 9 and r.
9
Let r = 22 + -12. Calculate the highest common factor of r and 30.
10
Let c(s) = 5*s**2 + 6*s - 5. Let k be c(-5). Calculate the greatest common factor of k and 10.
10
Let s(r) = -2 + 1 - 2 + 12*r**2 + 0 - 2*r. Let j be s(3). Suppose h + 24 = m + m, -2*m + 5*h + 32 = 0. Calculate the greatest common divisor of m and j.
11
Suppose 3*d = 3 + 15. Suppose b + 25 = d*b. Suppose h = 6*h - 275. Calculate the highest common factor of h and b.
5
Suppose 31 = 7*g - 25. Let h = 8 + 8. What is the highest common divisor of h and g?
8
Let q = 7 + 15. Calculate the greatest common divisor of 55 and q.
11
Let z(l) = l**2 - 8*l - 1. Let n be z(9). Calculate the highest common divisor of n and 32.
8
Suppose -2*c - 5*z + 868 = 0, 1396 + 318 = 4*c - z. Calculate the greatest common divisor of c and 39.
39
Let y(x) = 2*x**2 + 13*x. Let o be y(-8). What is the highest common factor of o and 192?
24
Let g = 0 + 15. Let x = 63 - 18. What is the highest common factor of g and x?
15
Let i be 1*22*(-2)/4. Let d(r) = -r**3 - 11*r**2 - r + 1. Let f be d(i). What is the highest common divisor of f and 108?
12
Suppose 4*h - 2*n - 86 = 0, 3*n + 89 = -2*h + 6*h. Suppose 2*i - 7*i = h. Let d be ((-6)/i)/(1/2). What is the greatest common factor of d and 27?
3
Suppose 0 = -2*h - 10, h - 24 = g - 143. Calculate the highest common factor of g and 19.
19
Let p be (15/4)/((-12)/(-32)). Suppose 2*z + w = 20 + 10, -75 = -5*z + 4*w. What is the greatest common factor of z and p?
5
Suppose 0*i = i - 2. Suppose i*j - 64 = 14. Calculate the highest common divisor of j and 13.
13
Suppose 16 = 5*f - f. Suppose f*j = 3 - 7. Let m be 26 - j*(-2)/(-1). What is the highest common divisor of m and 7?
7
Let i(x) = x - 10. Let o be i(12). What is the highest common divisor of o and 8?
2
Let n(s) = s**3 + 4*s**2 - 4*s. Let j be n(-5). Let r be (j + 3)/(4/(-6)). Suppose r*a - 27 = 12. Calculate the greatest common divisor of 13 and a.
13
Suppose 2*f + 162 - 592 = 0. Calculate the greatest common divisor of f and 43.
43
Let u(z) = -2*z**2 + 3*z. Let x be u(3). Let m be (-754)/x + (-2)/(-9). What is the highest common divisor of 12 and m?
12
Let v(c) = c + 1. Let q be v(3). Let i be (-7)/(-4) + 1/q. Let a be (-5)/i*(3 - 15). Calculate the highest common divisor of a and 10.
10
Let o(r) = r**2. Let g be o(0). Suppose a + 2*a - 30 = 0. Suppose g*z + z - a = 0. What is the greatest common factor of z and 5?
5
Suppose 1 = -y - 6. Le